is the hundred thousands digit of 3186421?
1
What is the thousands digit of 30107762?
7
What is the ten thousands digit of 7727630?
2
What is the millions digit of 7615281?
7
What is the ten thousands digit of 2297796?
9
What is the thousands digit of 22700558?
0
What is the tens digit of 612387?
8
What is the hundred thousands digit of 20546933?
5
What is the tens digit of 1190932?
3
What is the hundred thousands digit of 184230?
1
What is the thousands digit of 1724623?
4
What is the hundreds digit of 3293575?
5
What is the ten thousands digit of 734729?
3
What is the hundreds digit of 1025275?
2
What is the ten thousands digit of 910768?
1
What is the tens digit of 1797030?
3
What is the units digit of 146921?
1
What is the units digit of 5312456?
6
What is the hundreds digit of 26982374?
3
What is the ten thousands digit of 390556?
9
What is the thousands digit of 1351470?
1
What is the tens digit of 466619?
1
What is the tens digit of 2240471?
7
What is the ten thousands digit of 344767?
4
What is the hundred thousands digit of 1816497?
8
What is the ten thousands digit of 142552?
4
What is the units digit of 1103083?
3
What is the ten thousands digit of 638029?
3
What is the tens digit of 83556?
5
What is the units digit of 2386294?
4
What is the millions digit of 1753161?
1
What is the millions digit of 16404740?
6
What is the hundreds digit of 234374?
3
What is the tens digit of 1089842?
4
What is the units digit of 466329?
9
What is the units digit of 129522?
2
What is the tens digit of 144520?
2
What is the units digit of 639871?
1
What is the units digit of 4397580?
0
What is the tens digit of 3473549?
4
What is the millions digit of 1729658?
1
What is the units digit of 2183932?
2
What is the ten thousands digit of 541182?
4
What is the hundreds digit of 5456291?
2
What is the millions digit of 4115542?
4
What is the thousands digit of 2056180?
6
What is the ten millions digit of 11319972?
1
What is the millions digit of 1676042?
1
What is the millions digit of 1846983?
1
What is the millions digit of 25616186?
5
What is the ten thousands digit of 4327598?
2
What is the units digit of 13265?
5
What is the thousands digit of 9091404?
1
What is the tens digit of 13762250?
5
What is the hundreds digit of 11022851?
8
What is the hundreds digit of 121940?
9
What is the millions digit of 4794439?
4
What is the ten thousands digit of 3136069?
3
What is the hundred thousands digit of 156326?
1
What is the tens digit of 1169971?
7
What is the tens digit of 225583?
8
What is the tens digit of 50858?
5
What is the hundred thousands digit of 1164604?
1
What is the ten thousands digit of 4115423?
1
What is the tens digit of 3104833?
3
What is the units digit of 1298803?
3
What is the tens digit of 36099591?
9
What is the thousands digit of 151580?
1
What is the thousands digit of 2114804?
4
What is the thousands digit of 4691950?
1
What is the hundred thousands digit of 2871571?
8
What is the hundred thousands digit of 1278704?
2
What is the tens digit of 1295949?
4
What is the ten thousands digit of 281575?
8
What is the tens digit of 12196?
9
What is the units digit of 5522012?
2
What is the millions digit of 11301272?
1
What is the hundreds digit of 287868?
8
What is the hundred thousands digit of 192343?
1
What is the units digit of 36702?
2
What is the tens digit of 282202?
0
What is the hundred thousands digit of 1274102?
2
What is the hundreds digit of 125388?
3
What is the thousands digit of 3292248?
2
What is the hundred thousands digit of 766458?
7
What is the units digit of 15453706?
6
What is the hundreds digit of 474271?
2
What is the ten thousands digit of 172342?
7
What is the thousands digit of 87730?
7
What is the ten thousands digit of 1945424?
4
What is the hundred thousands digit of 3747119?
7
What is the hundred thousands digit of 327767?
3
What is the hundred thousands digit of 3108365?
1
What is the hundred thousands digit of 14804313?
8
What is the units digit of 3998985?
5
What is the hundred thousands digit of 407491?
4
What is the hundreds digit of 172291?
2
What is the thousands digit of 408926?
8
What is the hundreds digit of 185205?
2
What is the ten thousands digit of 77565?
7
What is the hundreds digit of 2618691?
6
What is the tens digit of 467994?
9
What is the millions digit of 1087467?
1
What is the tens digit of 587304?
0
What is the ten thousands digit of 13025246?
2
What is the ten thousands digit of 533631?
3
What is the tens digit of 36193399?
9
What is the thousands digit of 9547195?
7
What is the hundreds digit of 219120?
1
What is the units digit of 27727604?
4
What is the hundred thousands digit of 602274?
6
What is the tens digit of 257332?
3
What is the thousands digit of 660247?
0
What is the thousands digit of 4272786?
2
What is the ten thousands digit of 496341?
9
What is the tens digit of 64205?
0
What is the ten millions digit of 14341872?
1
What is the hundred thousands digit of 6118356?
1
What is the ten thousands digit of 9177902?
7
What is the millions digit of 15897484?
5
What is the ten thousands digit of 213385?
1
What is the ten thousands digit of 387469?
8
What is the hundreds digit of 53634?
6
What is the ten thousands digit of 161901?
6
What is the thousands digit of 221147?
1
What is the hundred thousands digit of 1308129?
3
What is the ten thousands digit of 416591?
1
What is the units digit of 23357639?
9
What is the units digit of 469063?
3
What is the hundred thousands digit of 1822181?
8
What is the hundreds digit of 786661?
6
What is the thousands digit of 1139539?
9
What is the ten millions digit of 23320334?
2
What is the tens digit of 2260166?
6
What is the hundreds digit of 6791208?
2
What is the ten thousands digit of 52013?
5
What is the thousands digit of 16160842?
0
What is the units digit of 3285634?
4
What is the hundred thousands digit of 2220248?
2
What is the units digit of 198446?
6
What is the thousands digit of 82716?
2
What is the thousands digit of 14461581?
1
What is the hundreds digit of 9866526?
5
What is the thousands digit of 364525?
4
What is the units digit of 516872?
2
What is the thousands digit of 1875917?
5
What is the thousands digit of 147434?
7
What is the ten thousands digit of 430139?
3
What is the thousands digit of 2669879?
9
What is the hundred thousands digit of 669745?
6
What is the tens digit of 1882380?
8
What is the units digit of 10008144?
4
What is the thousands digit of 10392609?
2
What is the hundred thousands digit of 318418?
3
What is the units digit of 89965?
5
What is the hundred thousands digit of 2246000?
2
What is the hundreds digit of 498162?
1
What is the ten thousands digit of 276574?
7
What is the hundreds digit of 3784437?
4
What is the tens digit of 300633?
3
What is the thousands digit of 86047?
6
What is the tens digit of 540711?
1
What is the ten thousands digit of 85911?
8
What is the ten thousands digit of 3856479?
5
What is the thousands digit of 21291?
1
What is the ten thousands digit of 52107?
5
What is the ten thousands digit of 239657?
3
What is the millions digit of 5525452?
5
What is the millions digit of 22116735?
2
What is the ten thousands digit of 11561063?
6
What is the ten thousands digit of 23779267?
7
What is the tens digit of 121622?
2
What is the hundreds digit of 20246342?
3
What is the hundreds digit of 199137?
1
What is the tens digit of 1809055?
5
What is the ten thousands digit of 15314553?
1
What is the hundred thousands digit of 20314884?
3
What is the thousands digit of 432888?
2
What is the hundred thousands digit of 7648924?
6
What is the tens digit of 338755?
5
What is the hundred thousands digit of 3875693?
8
What is the millions digit of 3469058?
3
What is the units digit of 403283?
3
What is the hundreds digit of 2364781?
7
What is the tens digit of 2045029?
2
What is the tens digit of 522905?
0
What is the thousands digit of 247196?
7
What is the hundreds digit of 17820?
8
What is the thousands digit of 832162?
2
What is the ten thousands digit of 181204?
8
What is the tens digit of 26135580?
8
What is the hundreds digit of 99846?
8
What is the hundred thousands digit of 10511587?
5
What is the tens digit of 263605?
0
What is the hundreds digit of 125821?
8
What is the hundre